-k**3 - 4*k**2 + 4*k + 4. Let n be g(-4). Let o be 4/(n/a) - -2. Determine z(o).
-3
Let t(o) = 3*o + 3. Let i(l) = l**3 + 3*l**2 - 7*l - 3. Let f be i(-5). Let v = -15 - f. Give t(v).
12
Let c(v) = -v**2 + 4*v - 3. Suppose -2*s - 2*p + 26 = 0, 4*p - 8 - 8 = -s. Suppose s = 2*u + 2*u. Calculate c(u).
0
Let g(r) = r**3 - 6*r**2 - 2*r - 10. Let b be g(7). Let j = -19 + b. Let p(t) = -t**3 + 5*t**2 + 8*t - 5. Give p(j).
7
Suppose -2*m - 3*w = 0, 0*m + m - 3*w = -18. Let q(l) = l**3 + 5*l**2 - 5*l + 7. Give q(m).
1
Let n be 10/10*2/1. Let l(v) = -3*v + 6*v**2 - 2*v**n + 0*v**2 - v**3 + 2*v**2 + 1. Calculate l(5).
11
Let u(p) = 17 - 18 + 3*p**2 - 4*p**2 + 6*p. Calculate u(6).
-1
Let o(g) = 11*g**2 - 9*g + 17. Let k(u) = -7*u**2 + 6*u - 11. Let i(q) = -8*k(q) - 5*o(q). Determine i(4).
7
Let o(i) be the second derivative of i**6/720 - i**5/30 - i**4/4 - 2*i. Let b(j) be the third derivative of o(j). Determine b(3).
-1
Suppose -a - a + 24 = 0. Suppose a = 5*v + q, v + 5*q - 14 = -v. Let i(u) = -u - u + u**v + 1 - 2*u**2. Calculate i(-3).
-2
Let u be 3*(-2)/12*-12. Let i(n) = n**3 - 7*n**2 + 5*n. Calculate i(u).
-6
Suppose 0 = 6*i - 2*i. Let k(r) = -r + i*r - 2 + 5 + 0*r. Calculate k(4).
-1
Suppose -4*j + 0*j = -8. Suppose 2*a - 12 = -i, -j*a - 4 = 2*a - 5*i. Let v(b) = -2*b - 7. Let s(r) = r + 3. Let t(h) = -13*s(h) - 6*v(h). Determine t(a).
-1
Let o be (-2)/1 + 0 + 5. Let r(w) = -1 - w - 2 + o. Calculate r(6).
-6
Let l(h) = -h**2 - 7*h - 4. Suppose n = -4*u - 21, -n - 10 = -5*u - 25. Give l(n).
6
Suppose -j + 2*z + 12 = j, 2*j + 3*z - 32 = 0. Suppose t + j = -t. Let n(h) = h**2 + 4*h - 7. Calculate n(t).
-2
Let q(h) = 1. Let b(y) = -y + 22. Let m(k) = -b(k) + q(k). Determine m(10).
-11
Let r(u) = -u - 5. Let d be r(-8). Suppose d*q - 5 = 1. Let w(i) = -2*i**2 + 3*i - q - 2*i + 2*i. Give w(2).
-4
Let w(z) be the third derivative of 0 + 1/120*z**6 + 1/10*z**5 + 0*z - 1/6*z**3 + 1/24*z**4 + 4*z**2. Give w(-6).
-7
Let i(x) be the first derivative of 3*x**4/2 + x**3/3 - x**2 + x - 6. Calculate i(1).
6
Suppose -3*u = 2*u - 15. Let o(j) = -4*j**u + j**3 - 5*j**2 + 4 + j**2 + 4*j**3 + 2*j. Determine o(3).
1
Suppose 202 - 182 = -4*s. Let w(k) = -k**2 - 3*k. Determine w(s).
-10
Let p(i) = 6*i**2. Let h = -24 - -40. Let r be ((-4)/h)/(2/(-8)). Give p(r).
6
Let h(y) = -y. Let f be h(-3). Let o(m) be the first derivative of -m**4/4 + m**3 + m**2/2 + 3*m + 6. What is o(f)?
6
Let p = -19 - -30. Suppose -p*r + 12*r = -5. Let f(o) = o**2. Let b(g) = -4*g**2 + 6*g + 5. Let z(q) = b(q) + 5*f(q). Give z(r).
0
Let h = 0 - -2. Let y(f) = 2*f + 2 + 0 - 2*f - h*f. Calculate y(-2).
6
Let r(k) be the second derivative of k**5/20 - k**4/4 - k**3/2 - k**2/2 + k. Let z = -18 - -22. Determine r(z).
3
Let k(w) = -3*w**3 + 5*w - 3*w**2 + 2*w**3 + 7*w**2 + 0*w. Give k(5).
0
Let k(m) = 2*m - 2. Let h(x) = -x + 1. Let n(w) = -5*h(w) - 2*k(w). What is n(3)?
2
Suppose l + 3*f - 30 = -4*l, -31 = -2*l - 5*f. Let j be 2/(-4)*(0 - 0). Let v(x) = -l*x + x**2 - 8*x**3 + 3*x + j*x. What is v(1)?
-7
Suppose z + 6 + 6 = -2*l, 15 = -l - 5*z. Let d = l - -6. Let p be (-2)/d + (-7 - -4). Let i(c) = -c**2 - 2*c + 6. Calculate i(p).
-9
Let b(i) = -i**2 + 1. Let c(j) = 14*j**2 - j - 4. Let g(r) = 5*b(r) + c(r). Let k(l) = -l + 6. Let v be k(5). What is g(v)?
9
Let n(v) = -v**3 - 10*v**2 - 2*v - 13. Let f be (-8)/(-6) - (-340)/(-30). Calculate n(f).
7
Let j(b) = 8 - 2*b + 14 - 25. Let r = 2 - 4. Determine j(r).
1
Let i(v) = -v - 2. Suppose p + 2*t + 7 = -0*t, -2*p - 9 = -t. Determine i(p).
3
Let q(m) = -m. Let o be q(6). Let l(z) = -6*z**2 - 6*z + 5*z**2 + 2*z. Let p(x) = 6*x**2 + 23*x. Let w(r) = o*p(r) - 34*l(r). Determine w(-2).
-4
Let s(u) = 3*u - 5*u**2 - u**3 + 4*u - 10*u + 3. Determine s(-4).
-1
Let n(d) be the first derivative of d**3 + d + 32. Suppose -3*t + 5 = -3*o - 5*t, -t - 3 = 2*o. Give n(o).
4
Let i(m) be the first derivative of 1/2*m**2 - 4 - 10*m. What is i(6)?
-4
Let k(z) be the second derivative of -z + 1/60*z**5 + 0 - 1/6*z**3 + 1/24*z**4 + z**2. Let i(w) be the first derivative of k(w). Determine i(-2).
1
Let s(f) = -3*f**3 + 6*f**2 + f - 1. Let h(l) = -2*l**3 + 6*l**2 + 2*l - 2. Let k(o) = 4*h(o) - 3*s(o). Give k(-5).
-5
Let k(q) = 1 - 4 - 1 + q**2. Calculate k(-3).
5
Let g(k) = 4*k**3 - 7*k**2 + 6*k + 10. Let s(n) = -11*n**3 + 21*n**2 - 18*n - 29. Let q(b) = 8*g(b) + 3*s(b). Give q(5).
13
Let h(n) = 5 - n**3 + 10*n**2 - 3*n**2 + 4 + 16*n - 9*n. What is h(8)?
1
Let c(x) = -x - 5. Let t = 3 + -10. Let i be c(t). Let z(p) = p**3 - p**2 + 2*p - 2. Calculate z(i).
6
Suppose -k - 2*k - 2*y = -8, 0 = -4*k - 3*y + 11. Let m(p) = k + p - 2*p + 1 - 10. What is m(-5)?
-2
Let u(o) = o - 1. Let x(q) = -2*q**2 + q - 10. Let c(v) = 6*u(v) - x(v). Determine c(-3).
7
Let b be ((-4)/(-1) + -2)*1. Let r(x) = -b*x**2 - x**2 + 4 - x**3 + 5*x + x. Let p be (-2)/6 - (-22)/(-6). Give r(p).
-4
Suppose -7*q + z = -2*q + 10, -5*q - 2*z = 25. Let u(o) = o**2 + 6*o + 1. Calculate u(q).
-8
Let x(j) = -j - 11. Let w be x(-3). Let k(h) = -h**2 - 9*h - 12. Determine k(w).
-4
Let g(m) = -5*m - 1. Let s be (0 - (-3)/1)*(-8)/(-12). What is g(s)?
-11
Let x(g) = g - 1. Let c = 4 - 8. Let i = -2 + c. Give x(i).
-7
Let m(r) = 4*r + 1. Let y(b) = -5*b - 1. Let q(i) = 3*m(i) + 4*y(i). Calculate q(1).
-9
Let l = -6 + 12. Let p(d) = -d**2 + 6*d. Determine p(l).
0
Let t(b) = -b**2 + 2*b - b - 5*b + 6*b. Determine t(5).
-15
Suppose -52*z = -48*z + 4. Let y(p) = -9*p + 1. What is y(z)?
10
Let w(k) = -k - 5. Let a be 14/21 - (-10)/3. Let d be (6/(-8))/((-1)/16). Suppose a*i - i = d. Determine w(i).
-9
Let b(k) = k**3 + 2*k**2 + 3*k. Suppose 3 = -3*y, o - 2*o + 2*y = 12. Let n = o + 12. Give b(n).
-6
Let r(t) = -12*t + 11*t - 2 + 3. Suppose -2*d + 4*y - 36 = d, -3*d - 3*y - 36 = 0. Let u = d + 7. Determine r(u).
6
Let k(b) = 8*b**3 - b + 1. Suppose 5*u = 10 - 5. Give k(u).
8
Let s = -5 - -8. Let f(k) = 2*k**3 + 13*k**2 - 10*k + 5. Let i(z) = z**3 + 7*z**2 - 5*z + 2. Suppose 4 = -j - 1. Let o(b) = j*i(b) + s*f(b). Give o(-5).
5
Let r(s) = s**3 - 3*s**2 - 4*s - 5. Suppose -4 = -3*g + 2*g. What is r(g)?
-5
Let n(a) = a**2 - 10*a - 8. Let u be n(11). Let c(m) = -7*m**3 + u*m**2 - m + m**2 - 3*m**2. What is c(1)?
-7
Suppose 0 = 5*r + f - 28, 4*r - f = -5*f + 16. Let c(g) = -g + 6. Determine c(r).
0
Let y = 17 + -20. Let d(w) be the third derivative of -1/15*w**5 + 1/2*w**3 + 0*w + 0 + 0*w**4 - w**2 - 1/120*w**6. Determine d(y).
-6
Let o = -56 - -57. Let r(h) = -4*h**2 - h. What is r(o)?
-5
Let r(i) = -i**2 + 8*i + 6. Let m be r(7). Suppose -3*h = 2 + m, -3*h - 7 = 4*n. Let b = -4 + n. Let u(c) = 2*c**2 + c. What is u(b)?
6
Suppose s - 8*s = 7. Let c(t) = -4*t**3 + t + 1. Determine c(s).
4
Let r(n) = -3*n**2 - 2*n + 1. Let w(y) = -y**2 - y. Let j(l) = r(l) - 2*w(l). Let m(i) = 6*i**3 + 8*i**2 - 7. Let c(a) = -6*j(a) - m(a). Determine c(1).
-7
Let l(y) = -8*y - 5. Suppose 3*m + 3*x + 6 + 0 = 0, -5*m = 2*x + 1. Let r(f) = f + 1. Let h(p) = m*l(p) + 4*r(p). Suppose 5*a = -4 - 1. Give h(a).
3
Let c = 37 + -43. Let d(s) = -s**2 - 7*s + 1. What is d(c)?
7
Suppose 5*u + 6 = 2*u. Let b(f) = f**2 + 5*f + 2. Calculate b(u).
-4
Let b(d) = 2*d**2 + 6*d - 6. Suppose 6*p + 12 = -18. Give b(p).
14
Let z(k) be the third derivative of k**7/5040 + k**6/180 + k**5/12 + k**2. Let b(a) be the third derivative of z(a). What is b(0)?
4
Let z(v) be the third derivative of v**6/120 + v**5/20 - v**4/6 + v**3/6 + 10*v**2. Calculate z(-4).
1
Let f(m) = m + 4 - 2*m + 7*m - 7*m. Calculate f(3).
1
Let a(c) = c**3 - 8*c**2 + 10. Let s(g) = -g**3 + 8*g**2 - g - 9. Let k(u) = -6*a(u) - 7*s(u). What is k(7)?
3
Let b(u) = -u**2 + 9*u - 5. Let f be b(9). Suppose 2*m - 3 = 1. Let p(i) = 0*i - 4 + 3*i - m*i - 2. Give p(f).
-11
Let t(l) = l**3 + 8*l**2 + 6*l - 4. Let s be t(-7). Suppose 3 = s*h, -3*n - 16 = n + 4*h. Let f(p) = -6*p**2 + p**2 - p**3 + 2 + 1 + p. What is f(n)?
-2
Suppose 0 = -3*w - 3*c, 5*w = 7*w + 5*c - 6. Let b(l) = l**3 - l**2 - l - 1. Determine b(w).
-11
Let k(y) = y**2 + 1. Let t be k(-1). Let z(a) = -5*a**2 + 11*a**t + 1 + 2*a + a**2. Give z(-1).
6
Let n(y) = y + 1. Suppose -6*u - 2*f - 4 = -5*u, 3*f + 19 = 5*u. Give n(u).
3
Let k(h) be the first derivative of -h**4/3 + h**3/6 + 3*h**2/2 - 3. Let y(w) be the second derivative of k(w). Give y(1).
-